{"id":246,"date":"2023-04-12T09:00:19","date_gmt":"2023-04-12T12:00:19","guid":{"rendered":"http:\/\/fivmarilia.com.br\/?page_id=246"},"modified":"2024-06-21T13:17:07","modified_gmt":"2024-06-21T16:17:07","slug":"246-2","status":"publish","type":"page","link":"https:\/\/fivmarilia.com.br\/?page_id=246","title":{"rendered":"Trat. Diagn\u00f3stico Gen\u00e9tico Pr\u00e9-Implantacional"},"content":{"rendered":"\t\t<div data-elementor-type=\"wp-page\" data-elementor-id=\"246\" class=\"elementor elementor-246\">\n\t\t\t\t\t\t\t\t\t<section class=\"elementor-section elementor-top-section elementor-element elementor-element-b87a72e elementor-section-boxed elementor-section-height-default elementor-section-height-default\" data-id=\"b87a72e\" data-element_type=\"section\">\n\t\t\t\t\t\t<div class=\"elementor-container elementor-column-gap-default\">\n\t\t\t\t\t<div class=\"elementor-column elementor-col-100 elementor-top-column elementor-element elementor-element-7e16c54\" data-id=\"7e16c54\" data-element_type=\"column\">\n\t\t\t<div class=\"elementor-widget-wrap elementor-element-populated\">\n\t\t\t\t\t\t\t\t<div class=\"elementor-element elementor-element-4936dc0 elementor-widget elementor-widget-image\" data-id=\"4936dc0\" data-element_type=\"widget\" data-widget_type=\"image.default\">\n\t\t\t\t<div class=\"elementor-widget-container\">\n\t\t\t<style>\/*! elementor - v3.18.0 - 08-12-2023 *\/\n.elementor-widget-image{text-align:center}.elementor-widget-image a{display:inline-block}.elementor-widget-image a img[src$=\".svg\"]{width:48px}.elementor-widget-image img{vertical-align:middle;display:inline-block}<\/style>\t\t\t\t\t\t\t\t\t\t\t\t<img fetchpriority=\"high\" decoding=\"async\" width=\"600\" height=\"100\" src=\"https:\/\/fivmarilia.com.br\/wp-content\/uploads\/2023\/04\/TRATAMENTO.png\" class=\"attachment-large size-large wp-image-227\" alt=\"\" srcset=\"https:\/\/fivmarilia.com.br\/wp-content\/uploads\/2023\/04\/TRATAMENTO.png 600w, https:\/\/fivmarilia.com.br\/wp-content\/uploads\/2023\/04\/TRATAMENTO-300x50.png 300w\" sizes=\"(max-width: 600px) 100vw, 600px\" \/>\t\t\t\t\t\t\t\t\t\t\t\t\t\t\t<\/div>\n\t\t\t\t<\/div>\n\t\t\t\t\t<\/div>\n\t\t<\/div>\n\t\t\t\t\t\t\t<\/div>\n\t\t<\/section>\n\t\t\t\t<section class=\"elementor-section elementor-top-section elementor-element elementor-element-6fb7389 elementor-section-boxed elementor-section-height-default elementor-section-height-default\" data-id=\"6fb7389\" data-element_type=\"section\">\n\t\t\t\t\t\t<div class=\"elementor-container elementor-column-gap-default\">\n\t\t\t\t\t<div class=\"elementor-column elementor-col-100 elementor-top-column elementor-element elementor-element-3a0590e\" data-id=\"3a0590e\" data-element_type=\"column\">\n\t\t\t<div class=\"elementor-widget-wrap elementor-element-populated\">\n\t\t\t\t\t\t\t\t<div class=\"elementor-element elementor-element-705f51c elementor-widget elementor-widget-image\" data-id=\"705f51c\" data-element_type=\"widget\" data-widget_type=\"image.default\">\n\t\t\t\t<div class=\"elementor-widget-container\">\n\t\t\t\t\t\t\t\t\t\t\t\t\t\t\t<img decoding=\"async\" width=\"300\" height=\"160\" src=\"https:\/\/fivmarilia.com.br\/wp-content\/uploads\/2023\/11\/DIAGNOSTICO-GENETICO-PRE-IMPLANTACIONAL.png\" class=\"attachment-large size-large wp-image-848\" alt=\"\" \/>\t\t\t\t\t\t\t\t\t\t\t\t\t\t\t<\/div>\n\t\t\t\t<\/div>\n\t\t\t\t\t<\/div>\n\t\t<\/div>\n\t\t\t\t\t\t\t<\/div>\n\t\t<\/section>\n\t\t\t\t<section class=\"elementor-section elementor-top-section elementor-element elementor-element-c197c25 elementor-section-boxed elementor-section-height-default elementor-section-height-default\" data-id=\"c197c25\" data-element_type=\"section\">\n\t\t\t\t\t\t<div class=\"elementor-container elementor-column-gap-default\">\n\t\t\t\t\t<div class=\"elementor-column elementor-col-100 elementor-top-column elementor-element elementor-element-2290e0b\" data-id=\"2290e0b\" data-element_type=\"column\">\n\t\t\t<div class=\"elementor-widget-wrap elementor-element-populated\">\n\t\t\t\t\t\t\t\t<div class=\"elementor-element elementor-element-84e33e2 elementor-widget elementor-widget-video\" data-id=\"84e33e2\" data-element_type=\"widget\" data-settings=\"{&quot;youtube_url&quot;:&quot;https:\\\/\\\/youtu.be\\\/Osq_WO6cxBg?si=uL7OQB7-Qr28331c&quot;,&quot;video_type&quot;:&quot;youtube&quot;,&quot;controls&quot;:&quot;yes&quot;}\" data-widget_type=\"video.default\">\n\t\t\t\t<div class=\"elementor-widget-container\">\n\t\t\t<style>\/*! elementor - v3.18.0 - 08-12-2023 *\/\n.elementor-widget-video .elementor-widget-container{overflow:hidden;transform:translateZ(0)}.elementor-widget-video .elementor-wrapper{aspect-ratio:var(--video-aspect-ratio)}.elementor-widget-video .elementor-wrapper iframe,.elementor-widget-video .elementor-wrapper video{height:100%;width:100%;display:flex;border:none;background-color:#000}@supports not (aspect-ratio:1\/1){.elementor-widget-video .elementor-wrapper{position:relative;overflow:hidden;height:0;padding-bottom:calc(100% \/ var(--video-aspect-ratio))}.elementor-widget-video .elementor-wrapper iframe,.elementor-widget-video .elementor-wrapper video{position:absolute;top:0;right:0;bottom:0;left:0}}.elementor-widget-video .elementor-open-inline .elementor-custom-embed-image-overlay{position:absolute;top:0;right:0;bottom:0;left:0;background-size:cover;background-position:50%}.elementor-widget-video .elementor-custom-embed-image-overlay{cursor:pointer;text-align:center}.elementor-widget-video .elementor-custom-embed-image-overlay:hover .elementor-custom-embed-play i{opacity:1}.elementor-widget-video .elementor-custom-embed-image-overlay img{display:block;width:100%;aspect-ratio:var(--video-aspect-ratio);-o-object-fit:cover;object-fit:cover;-o-object-position:center center;object-position:center center}@supports not (aspect-ratio:1\/1){.elementor-widget-video .elementor-custom-embed-image-overlay{position:relative;overflow:hidden;height:0;padding-bottom:calc(100% \/ var(--video-aspect-ratio))}.elementor-widget-video .elementor-custom-embed-image-overlay img{position:absolute;top:0;right:0;bottom:0;left:0}}.elementor-widget-video .e-hosted-video .elementor-video{-o-object-fit:cover;object-fit:cover}.e-con-inner>.elementor-widget-video,.e-con>.elementor-widget-video{width:var(--container-widget-width);--flex-grow:var(--container-widget-flex-grow)}<\/style>\t\t<div class=\"elementor-wrapper elementor-open-inline\">\n\t\t\t<div class=\"elementor-video\"><\/div>\t\t<\/div>\n\t\t\t\t<\/div>\n\t\t\t\t<\/div>\n\t\t\t\t\t<\/div>\n\t\t<\/div>\n\t\t\t\t\t\t\t<\/div>\n\t\t<\/section>\n\t\t\t\t<section class=\"elementor-section elementor-top-section elementor-element elementor-element-719c005 elementor-section-boxed elementor-section-height-default elementor-section-height-default\" data-id=\"719c005\" data-element_type=\"section\">\n\t\t\t\t\t\t<div class=\"elementor-container elementor-column-gap-default\">\n\t\t\t\t\t<div class=\"elementor-column elementor-col-100 elementor-top-column elementor-element elementor-element-b248811\" data-id=\"b248811\" data-element_type=\"column\">\n\t\t\t<div class=\"elementor-widget-wrap elementor-element-populated\">\n\t\t\t\t\t\t\t\t<div class=\"elementor-element elementor-element-9a6f89e elementor-widget elementor-widget-text-editor\" data-id=\"9a6f89e\" data-element_type=\"widget\" data-widget_type=\"text-editor.default\">\n\t\t\t\t<div class=\"elementor-widget-container\">\n\t\t\t<style>\/*! elementor - v3.18.0 - 08-12-2023 *\/\n.elementor-widget-text-editor.elementor-drop-cap-view-stacked .elementor-drop-cap{background-color:#69727d;color:#fff}.elementor-widget-text-editor.elementor-drop-cap-view-framed .elementor-drop-cap{color:#69727d;border:3px solid;background-color:transparent}.elementor-widget-text-editor:not(.elementor-drop-cap-view-default) .elementor-drop-cap{margin-top:8px}.elementor-widget-text-editor:not(.elementor-drop-cap-view-default) .elementor-drop-cap-letter{width:1em;height:1em}.elementor-widget-text-editor .elementor-drop-cap{float:left;text-align:center;line-height:1;font-size:50px}.elementor-widget-text-editor .elementor-drop-cap-letter{display:inline-block}<\/style>\t\t\t\t<p style=\"margin-bottom: 0cm; color: #000000; font-size: medium;\"><span style=\"font-size: medium;\">O Diagn\u00f3stico Gen\u00e9tico Pr\u00e9-Implantacional \u00e9 um estudo realizado para comprovar a sa\u00fade gen\u00e9tica dos embri\u00f5es, tanto com rela\u00e7\u00e3o \u00e0s doen\u00e7as heredit\u00e1rias, quando para descartar altera\u00e7\u00f5es cromoss\u00f4micas n\u00e3o heredit\u00e1rias que podem inviabilizar o desenvolvimento do embri\u00e3o ou provocar doen\u00e7as gen\u00e9ticas como a S\u00edndrome de Down.<\/span><\/p>\n<p style=\"margin-bottom: 0cm; color: #000000; font-size: medium;\"><span style=\"font-size: medium;\"><br><\/span><\/p>\n<p style=\"margin-bottom: 0cm; color: #000000; font-size: medium;\">\n<\/p><p style=\"margin-bottom: 0cm; color: #000000; font-size: medium;\"><span style=\"font-size: medium;\">Atrav\u00e9s de uma biopsia realizada por embriologistas altamente preparados e experientes s\u00e3o retiradas algumas c\u00e9lulas do embri\u00e3o. Estas c\u00e9lulas s\u00e3o enviadas ao laborat\u00f3rio de gen\u00e9tica enquanto os embri\u00f5es permanecem no laborat\u00f3rio de embriologia.<\/span><\/p>\n<p style=\"margin-bottom: 0cm; color: #000000; font-size: medium;\"><span style=\"font-size: medium;\"><br><\/span><\/p>\n<p style=\"margin-bottom: 0cm; color: #000000; font-size: medium;\">\n<\/p><p style=\"margin-bottom: 0cm; color: #000000; font-size: medium;\"><span style=\"font-size: medium;\">O diagn\u00f3stico de altera\u00e7\u00f5es gen\u00e9ticas e cromoss\u00f4micas nos embri\u00f5es \u00e9 realizado antes da sua implanta\u00e7\u00e3o no \u00fatero materno e, portanto, antes da gravidez.<\/span><\/p><p style=\"margin-bottom: 0cm; color: #000000; font-size: medium;\"><span style=\"font-size: medium;\"><br><\/span><\/p>\n<p style=\"margin-bottom: 0cm; color: #000000; font-size: medium;\">\n<\/p><p style=\"margin-bottom: 0cm; color: #000000; font-size: medium;\"><span style=\"font-size: medium;\">Esta t\u00e9cnica requer sempre um tratamento de Fertiliza\u00e7\u00e3o in Vitro (FIV), pois \u00e9 necess\u00e1rio dispor dos embri\u00f5es no laborat\u00f3rio para realizar a an\u00e1lise.<\/span><\/p>\t\t\t\t\t\t<\/div>\n\t\t\t\t<\/div>\n\t\t\t\t\t<\/div>\n\t\t<\/div>\n\t\t\t\t\t\t\t<\/div>\n\t\t<\/section>\n\t\t\t\t<section class=\"elementor-section elementor-top-section elementor-element elementor-element-108e52d elementor-section-boxed elementor-section-height-default elementor-section-height-default\" data-id=\"108e52d\" data-element_type=\"section\">\n\t\t\t\t\t\t<div class=\"elementor-container elementor-column-gap-default\">\n\t\t\t\t\t<div class=\"elementor-column elementor-col-100 elementor-top-column elementor-element elementor-element-8acb82a\" data-id=\"8acb82a\" data-element_type=\"column\">\n\t\t\t<div class=\"elementor-widget-wrap elementor-element-populated\">\n\t\t\t\t\t\t\t\t<div class=\"elementor-element elementor-element-3fda8a2 elementor-align-center elementor-widget elementor-widget-button\" data-id=\"3fda8a2\" data-element_type=\"widget\" data-widget_type=\"button.default\">\n\t\t\t\t<div class=\"elementor-widget-container\">\n\t\t\t\t\t<div class=\"elementor-button-wrapper\">\n\t\t\t<a class=\"elementor-button elementor-button-link elementor-size-sm\" href=\"http:\/\/fivmarilia.com.br\/?page_id=103\">\n\t\t\t\t\t\t<span class=\"elementor-button-content-wrapper\">\n\t\t\t\t\t\t<span class=\"elementor-button-text\">\u2022 Voltar para os Tratamentos<\/span>\n\t\t<\/span>\n\t\t\t\t\t<\/a>\n\t\t<\/div>\n\t\t\t\t<\/div>\n\t\t\t\t<\/div>\n\t\t\t\t\t<\/div>\n\t\t<\/div>\n\t\t\t\t\t\t\t<\/div>\n\t\t<\/section>\n\t\t\t\t\t\t\t<\/div>\n\t\t","protected":false},"excerpt":{"rendered":"<p>https:\/\/youtu.be\/Osq_WO6cxBg?si=uL7OQB7-Qr28331c O Diagn\u00f3stico Gen\u00e9tico Pr\u00e9-Implantacional \u00e9 um estudo realizado para comprovar a sa\u00fade gen\u00e9tica dos embri\u00f5es, tanto com rela\u00e7\u00e3o \u00e0s doen\u00e7as heredit\u00e1rias, quando para descartar altera\u00e7\u00f5es cromoss\u00f4micas n\u00e3o heredit\u00e1rias que podem inviabilizar o desenvolvimento do embri\u00e3o ou provocar doen\u00e7as gen\u00e9ticas como a S\u00edndrome de Down. Atrav\u00e9s de uma biopsia realizada por embriologistas altamente preparados e<\/p>\n","protected":false},"author":1,"featured_media":0,"parent":0,"menu_order":0,"comment_status":"closed","ping_status":"closed","template":"","meta":{"_joinchat":[],"footnotes":""},"class_list":["post-246","page","type-page","status-publish","hentry"],"_links":{"self":[{"href":"https:\/\/fivmarilia.com.br\/index.php?rest_route=\/wp\/v2\/pages\/246","targetHints":{"allow":["GET"]}}],"collection":[{"href":"https:\/\/fivmarilia.com.br\/index.php?rest_route=\/wp\/v2\/pages"}],"about":[{"href":"https:\/\/fivmarilia.com.br\/index.php?rest_route=\/wp\/v2\/types\/page"}],"author":[{"embeddable":true,"href":"https:\/\/fivmarilia.com.br\/index.php?rest_route=\/wp\/v2\/users\/1"}],"replies":[{"embeddable":true,"href":"https:\/\/fivmarilia.com.br\/index.php?rest_route=%2Fwp%2Fv2%2Fcomments&post=246"}],"version-history":[{"count":29,"href":"https:\/\/fivmarilia.com.br\/index.php?rest_route=\/wp\/v2\/pages\/246\/revisions"}],"predecessor-version":[{"id":1144,"href":"https:\/\/fivmarilia.com.br\/index.php?rest_route=\/wp\/v2\/pages\/246\/revisions\/1144"}],"wp:attachment":[{"href":"https:\/\/fivmarilia.com.br\/index.php?rest_route=%2Fwp%2Fv2%2Fmedia&parent=246"}],"curies":[{"name":"wp","href":"https:\/\/api.w.org\/{rel}","templated":true}]}}